ulate the remainder when 3 is divided by t.
0
Suppose 4*y - 91 = -3*o + 8, -4*o - 92 = -4*y. What is the remainder when 94 is divided by y?
22
Suppose 3*g - 4*d - 74 = -1, 0 = 3*g - 3*d - 72. Calculate the remainder when g is divided by 4/4 - (-1 - 11).
10
What is the remainder when 33 is divided by 17/(1 + 2 + -2)?
16
Let r(g) = -4*g. Suppose -2*u = 8 - 18. Suppose 4*j - u*w = 40, -6 = -j + 5*w + 19. What is the remainder when r(-3) is divided by j?
2
Let z = -613 + 631. Let j = -623 + 973. Suppose 3*w = -2*w + j. Calculate the remainder when w is divided by z.
16
Suppose -g - 4*n = 16, 3*g - 3*n - 18 = 9. What is the remainder when 13 is divided by g?
1
What is the remainder when 22 is divided by 106/9 - (-4)/18?
10
Suppose 4*v - 60 = -0*v. Calculate the remainder when 27 is divided by v.
12
Suppose -104 = -3*y - 5*y. Calculate the remainder when y is divided by 3.
1
Let p = 39 - -11. Suppose 11 = -2*b + 37. Calculate the remainder when p is divided by b.
11
Let o(s) = -s**3 - 2*s**2 + s. Let d be o(-2). What is the remainder when 12 + d/(-2)*-1 is divided by 3?
2
Calculate the remainder when 247 is divided by (-8)/3*(5 - (-113)/(-4)).
61
Suppose -5*i + 24 = -26. Calculate the remainder when 37 is divided by i.
7
Let b = 7 - 4. Suppose -g - 2*d + d = -23, -4*g - b*d + 89 = 0. Suppose -5*z = 3*p - 58, 1 = 2*z - 9. What is the remainder when g is divided by p?
9
Let d(s) = 19*s**2 + 2*s + 1. Calculate the remainder when 33 is divided by d(-1).
15
What is the remainder when 35 is divided by (-3)/(2 + (-21)/9)?
8
Suppose -13 = -3*s + 17. Let u(g) = -g**3 - 10*g**2 - 9*g + 4. What is the remainder when s is divided by u(-9)?
2
Suppose 3*q = -0*x - 3*x + 27, 5*x = -q + 49. Calculate the remainder when x is divided by (-6)/(-7)*(0 + 7).
4
Suppose v - 5*k + k + 55 = 0, -116 = 2*v - 2*k. Let l = v - -87. Suppose l - 3 = x. What is the remainder when x is divided by 13?
12
Let n = -31 + 37. What is the remainder when 23 is divided by n?
5
Let r(n) = -3 + 4*n + 2*n**3 - 2*n**2 + 2*n**2. Calculate the remainder when r(2) is divided by (0 - -2)*319/58.
10
Suppose -g = -n - 4, -2*g - 5*n - 7 = -2*n. Suppose 2*d + 0*d = 6. Calculate the remainder when d is divided by g.
0
Let r(u) = -u**2 + 17*u - 31. Calculate the remainder when 73 is divided by r(13).
10
Let k = -53 - -89. What is the remainder when k is divided by 10?
6
Let g = 7 + -3. Suppose 0 = 2*s + c - 4, 13 = g*s - 5*c + 5. Suppose 5*f + s*a = 14 + 58, -5*a + 47 = 3*f. What is the remainder when f is divided by 8?
6
Let c be 1*(-2 - 0 - -1). Let u be ((-1)/1)/(0 + c). Suppose -2*g + u = -29. What is the remainder when 57 is divided by g?
12
Let s(d) = d**2 + 4*d - 4. Let i(v) = -v**2 - 3*v + 4. Let u(k) = -7*i(k) - 6*s(k). Calculate the remainder when 17 is divided by u(5).
5
Suppose -2*v = 5*j - 46, -2*j - 13 = -v + 19. What is the remainder when v is divided by 10?
8
Suppose m = -x + 2*x - 8, 3*x + 2*m = 4. Suppose 5*f = l - 14, 2*l - x = 4*f + 30. What is the remainder when 36 is divided by l?
17
Let u be (20/(-8))/(2/(-4)). Suppose 0 = -u*z + 3*z + 12. What is the remainder when 15 is divided by z?
3
Suppose 3*l - 2*t = 368, -3*l = 5*t - 259 - 144. Calculate the remainder when l is divided by 26.
22
Suppose 22 = 7*j + 4*j. Let a = 14 + 2. Calculate the remainder when (a/6)/(2/6) is divided by j.
0
Suppose -p = s - 4*p - 51, -184 = -4*s + 2*p. Suppose -3*z - 2*z + s = 0. What is the remainder when 16 is divided by z?
7
Suppose -5*q = -q - 104. Calculate the remainder when q is divided by 15.
11
Let k(i) = -i**2 + 15*i + 10. Calculate the remainder when ((-19)/(-2))/((-2)/(-4)) is divided by k(15).
9
Suppose 4*p = -p + 150. Suppose -r - 4*r - 2*u + 34 = 0, r = 2*u + 14. Calculate the remainder when p is divided by r.
6
Let q(g) = g**2 - 7*g. Let p be q(7). Let b(z) = -2*z**2 + p*z**3 + 6*z**2 + 1 + z**2 + z + z**3. Calculate the remainder when 38 is divided by b(-4).
12
Let a = 2 + 0. Suppose 3*n = -a*n + 70. Suppose y = -y + 54. What is the remainder when y is divided by n?
13
Suppose -5*r - 8 = -3, -4*r - 5 = d. Let k = 11 + d. What is the remainder when 37 is divided by k?
7
Suppose 8 = 5*l - 7. Let y be l + 1 + (-1 - 4). What is the remainder when 10 is divided by -2*(y - (-2 + 3))?
2
Let m(w) = w**2 - 5*w + 4. Let y(x) be the first derivative of x**3/3 - 5*x**2/2 - 4*x + 2. Calculate the remainder when y(7) is divided by m(5).
2
Suppose 0*o = o - 3. Suppose 4*f - 4 = 0, 0 = -o*p - 2*f + 8. What is the remainder when 5 is divided by p?
1
Let a = -5 - -7. Let s be ((-3)/(-6))/(a/(-40)). Let l = s - -19. What is the remainder when l is divided by 5?
4
Let y(d) = 8*d**3 + d**2 + d. Let b be y(-1). Let c be 7/(((-28)/8)/7). Let h = b - c. What is the remainder when 17 is divided by h?
5
Let z(c) = -c**3 + 3*c**2 + 2*c - 3. Suppose -4 = 10*i - 12*i. What is the remainder when z(3) is divided by i?
1
Let j be (-63)/(-36) + (-6)/8. Let v(r) = -39*r - 4. Let y(m) = 39*m + 5. Let i(h) = -4*v(h) - 3*y(h). Calculate the remainder when i(j) is divided by 14.
12
Let k be 2/(-5) + (-18)/5. Let i(m) = -m**3 - 3*m**2 + 2*m - 1. Calculate the remainder when 13 is divided by i(k).
6
Suppose q + 180 = 5*q. Calculate the remainder when q is divided by 13.
6
Let o(j) = -3*j - 1. Calculate the remainder when o(-11) is divided by 17.
15
Let q be (-2)/4 + (-376)/16. Let x be 21/35 + q/(-10). Suppose 0 = -x*u + 4*u - 2. What is the remainder when 4 is divided by u?
0
Suppose 34 = -3*l + 1. Let b = l + 21. Calculate the remainder when 17 is divided by b.
7
Let k(l) = l**2 + 7*l + 7. Suppose 4*d - 1 = -9. Let n(c) = -2*c - 3. Calculate the remainder when k(-6) is divided by n(d).
0
Let m(v) = 40 - 6*v + 4*v + v + 0*v. Calculate the remainder when m(0) is divided by 21.
19
Suppose 2*d + 3*d - 9 = 2*f, 3*f - d - 19 = 0. What is the remainder when 38 is divided by f?
6
Let b(s) = -s**3 - 9*s**2 - 10*s - 10. Suppose 4*c - 16 = -2*p + 2*c, 0 = 2*p - c - 22. What is the remainder when p is divided by b(-8)?
4
Let g(f) = f**3 - 10*f**2 - 32*f + 8. Calculate the remainder when g(13) is divided by 20.
19
What is the remainder when 66 is divided by ((-24)/36)/(4/(-138))?
20
Calculate the remainder when (-125 - -7)*2/(-4) is divided by 20.
19
Suppose 2*u - 28 = -0*u - 5*h, -5*u + 70 = 4*h. What is the remainder when 39 is divided by u?
11
Let v = -5 - -15. Suppose -v = c - 2*c. What is the remainder when 18 is divided by c?
8
Let l = 126 - 84. Calculate the remainder when l is divided by 24.
18
Suppose -4*i = 12, r = -0*r + 2*i + 43. Calculate the remainder when 109 is divided by r.
35
Suppose -1 = -3*o - 7. What is the remainder when 1*(3 + o) + 13 is divided by 8?
6
Let z(l) = 2*l**2 + 3*l + 1. Let k be z(-3). Let b(f) = -f + 13. What is the remainder when 5 is divided by b(k)?
2
Let y(h) = -76*h + 7. What is the remainder when y(-5) is divided by 39?
36
Suppose -l - 82 = -5*q - 0*l, -5*l - 74 = -4*q. Calculate the remainder when 45 is divided by q.
13
Let k = 11 + -9. Suppose 0 = -k*s + 8 + 8. Calculate the remainder when 31 is divided by s.
7
Let h be 3*2/12*-14. Let u = 12 + h. What is the remainder when u is divided by 3?
2
Let s(o) = -o**2 + 5*o + 7. Suppose -71 = -2*w - 47. What is the remainder when w is divided by s(5)?
5
Let w(p) = -p + 8. Let d be w(-8). Calculate the remainder when -1*(2 - d - -1) is divided by 7.
6
Let a = -122 - -143. What is the remainder when a is divided by 11?
10
Suppose 20 = 5*x, -3*b + 52 = -3*x - 269. What is the remainder when b is divided by 28?
27
Suppose 0 = f + 4 - 0. Let g be f/(-2)*(4 - -3). Let z = -5 + g. What is the remainder when 16 is divided by z?
7
Let x = 72 - 50. Calculate the remainder when x is divided by 6.
4
Suppose -2*a + 148 = q, -q = 3*a - 3*q - 222. Calculate the remainder when a is divided by 25.
24
Let s be (2 - 0)/((-2)/3). Calculate the remainder when 33 is divided by (-34)/s*(-3)/(-2).
16
Let c = -5 - -18. What is the remainder when 21 + -2 + 4 + 1 is divided by c?
11
Let k = 339 + -213. What is the remainder when k is divided by 32?
30
Let w = 31 + -16. Suppose -2*u + w = 3*u. Suppose -q + 4 = -u. What is the remainder when 27 is divided by q?
6
Suppose 5*h - 3*h = 3*m + 29, 4*h - 3*m - 67 = 0. What is the remainder when 56 is divided by h?
18
Let q be 2/(